are the prime factors of (19/(-3))/((-8)/24)?
19
Suppose 5*p - 38 = -4*a + 32, -p - 2 = 4*a. Suppose 6 + p = 4*t. List the prime factors of t.
2, 3
Let r be (1 + -1)/((-5)/5). Suppose 0*b + b + 5*m - 3 = r, 12 = 4*b - 4*m. Suppose -3*w + g = -40 - b, 0 = -3*w - 4*g + 23. What are the prime factors of w?
13
Let x(b) = 4*b - 2. Let p be x(-4). Let l be 6/27 + (-140)/p. Let c = 22 - l. What are the prime factors of c?
2, 7
Suppose -5*i = -i - 204. What are the prime factors of (-2)/(-3*2/i)?
17
Let p(b) = -b**2 - 4*b + 3. What are the prime factors of p(-4)?
3
Let o(y) = y**3 - 9*y**2 + 8*y - 2. Let z be o(8). Let q(p) = -5*p + 2. What are the prime factors of q(z)?
2, 3
Suppose 4*a - 5 = t + 5, -4*t - 2*a = -14. Suppose -6*p = -t*p - 24. What are the prime factors of p?
2, 3
Let f = -6 + -3. Let u = -5 - f. Let l = u + 9. What are the prime factors of l?
13
Let d(g) = 93*g - 7. List the prime factors of d(4).
5, 73
Let f(g) = g**2 + 0*g**2 + 0*g - 10 + 2 - 4*g. Let x be f(8). Suppose -5*q + 103 = -3*p + 23, -q - p = -x. List the prime factors of q.
19
Let j(m) = -m**2 - m + 18. Let h be j(0). Suppose 4*t - 54 = -h. What are the prime factors of (t/3)/(9/24)?
2
Suppose -w = -r + 5, -3*w = 2*r + w + 14. What are the prime factors of (4/8)/(r/66)?
3, 11
What are the prime factors of -2 + (-20)/(-8) - 4185/(-10)?
419
Suppose 40 = -3*g + 5*g. Suppose -2 = 3*a - g. List the prime factors of a.
2, 3
Let f(d) = d**2 + 3*d + 2. What are the prime factors of f(-6)?
2, 5
Suppose -3*d = 5*h - 846, -h + 123 = -d - 51. Suppose h = -4*r + p, 4*p = -3 - 1. Let o = r + 63. List the prime factors of o.
2, 5
Let j = 2 + 94. List the prime factors of j.
2, 3
Let c(p) be the third derivative of p**6/40 - p**5/120 - p**4/24 - 2*p**2. Let j(h) be the second derivative of c(h). List the prime factors of j(1).
17
Let s(q) = 26*q**2 - q - 3. What are the prime factors of s(-3)?
2, 3, 13
Let h = 4 - -1. Suppose 3*y - 24 = h*y. What are the prime factors of y/((0 - 1)*1)?
2, 3
Let r(i) be the first derivative of -i - 1 + 7/2*i**2 - 1/3*i**3. What are the prime factors of r(6)?
5
Suppose 3*s + 632 = 7*s. List the prime factors of s.
2, 79
Let n(i) = -i - 5. List the prime factors of n(-12).
7
Let v(h) = h**2 + 3*h + 4. Let x be v(-3). Suppose 0 = -3*a - 5*g + x, -3*g + 2*g - 10 = -3*a. What are the prime factors of a?
3
Let l(a) = 42*a - 22. List the prime factors of l(9).
2, 89
Suppose 4*h = f - 0 + 4, -5*h + 3*f - 2 = 0. List the prime factors of h.
2
List the prime factors of (76/(-6))/(8/(-12)).
19
Let u = 41 - 80. List the prime factors of ((-4)/(-6))/((-1)/u).
2, 13
Suppose -2*z - 5*k = -77, -58 = -z + k + 3*k. What are the prime factors of z?
2, 23
Let l = -5 + 5. Suppose l = 4*w - 3*i + 7*i - 8, 2*w - 4*i = 4. What are the prime factors of w?
2
Let b(l) = -4*l + 12. List the prime factors of b(-8).
2, 11
Suppose -5*f + 729 = 129. List the prime factors of f.
2, 3, 5
Let y = 8 + -5. Let n(g) = g**2 - 3*g + 2. What are the prime factors of n(y)?
2
Suppose 2*u = 17 - 51. Let p = -10 - u. What are the prime factors of p?
7
Let c = -10 + 12. List the prime factors of c.
2
Let c = -81 + 201. Suppose 3*k + c = 8*k. List the prime factors of k.
2, 3
Suppose -5*t = 4*l - 116, 2*t = -0*t - 3*l + 52. What are the prime factors of t?
2, 5
Let y(c) = c**3 + 11*c**2 + 12*c + 11. Let t be y(-10). Let g = t - -24. What are the prime factors of g?
3, 5
Let y(p) = 3*p - 7. Let a = -7 + 13. Let k be y(a). Let l = -7 + k. What are the prime factors of l?
2
Let f be 12/20 + 6/(-10). Suppose 3*s = 2*n - 121, -5*n + 4*s - 47 + 339 = f. List the prime factors of n.
2, 7
Suppose 0 = -2*j - 3*i + 7, -4*j + j + i = -16. List the prime factors of j.
5
Let u = -82 + 368. What are the prime factors of u?
2, 11, 13
Let s(m) = 34*m + 29. What are the prime factors of s(4)?
3, 5, 11
Suppose 5*a = -88 - 32. Let m = 1 - a. Suppose 0 = 3*n - 5 - m. List the prime factors of n.
2, 5
Suppose -5*r + 26 = -14. List the prime factors of (1 - 12/r)*-36.
2, 3
Suppose -570 = -23*p + 18*p. List the prime factors of p.
2, 3, 19
Let v(o) = o**3 - o + o + 0 - o**2 - 1 - o. List the prime factors of v(3).
2, 7
Suppose -349 = -5*c + w + 3*w, -w - 346 = -5*c. Suppose 5*x - h = h + c, 3*h = -3*x + 33. List the prime factors of x.
13
Let n be ((-5)/15)/(2/(-6)). What are the prime factors of -28*(n - 4)/12?
7
Suppose 2*y + 4*c - 4 = c, 0 = y + 4*c - 2. Suppose -y*n - 1 = -5. Suppose 0*p + 30 = n*p. What are the prime factors of p?
3, 5
Let v = 1 - -3. Suppose -5*s + 21 = -v. Suppose 2*x + y = -y + 32, -s*y = -2*x - 3. What are the prime factors of x?
11
Let q(r) = -7*r - 1. List the prime factors of q(-4).
3
Let f(t) = -3*t**3 + 2*t**2 + t. Let l = 1 - 1. Suppose l = -2*u + 1 - 3. What are the prime factors of f(u)?
2
Let a(c) = 2*c - 4*c - 6*c - 2 + 3. List the prime factors of a(-1).
3
Let u = 273 + -95. List the prime factors of u.
2, 89
Let o = 228 + -137. Let q = -57 + o. Suppose 4*i + 2 = q. List the prime factors of i.
2
List the prime factors of (-187)/(-6) + (-2)/12 + 0.
31
List the prime factors of 101/(-2)*(-9 - -7).
101
Let k(c) = -c**2 + c - 2. Let y(p) = -p**2 + 2*p - 3. Let v(a) = -4*k(a) + 3*y(a). Let u be v(-3). List the prime factors of (u + (-9)/6)*12.
2, 3
Let s be 1 - -1*(4 + -3). List the prime factors of -1 + s + (-50)/(-2).
2, 13
Suppose 0 = -4*n + 5*r + 57, n - 4*r = 3*n + 4. What are the prime factors of n?
2
Let s(p) = 4*p**2 + 4*p + 3. Let r be s(-2). Let m(n) = -r*n + 4*n + 6*n - 1. What are the prime factors of m(-3)?
2
Suppose -20 = 4*m - 0*m. Let o = m - -6. List the prime factors of (o - -5)*(-20)/(-15).
2
Let h(x) = -x**2 - 17*x - 33. List the prime factors of h(-6).
3, 11
Let m be 3/18*-2*-3. Let d = m - -1. List the prime factors of 1/((-2)/(-14)) - d.
5
Let k(c) = -19*c**3 + c**2. Let v be k(-1). Suppose 0 = -h - 3*y + v, y = 5*y - 4. List the prime factors of h.
17
Let k(y) = y**2 + 10*y - 17. List the prime factors of k(-20).
3, 61
Let j = 232 - 128. List the prime factors of j.
2, 13
Suppose -k + 35 = 5*g, 3*g + 63 = 7*k - 2*k. What are the prime factors of k?
3, 5
Suppose -i - 4*i = -285. List the prime factors of i.
3, 19
What are the prime factors of (4 + -319)/(-5) + 4?
67
Let r(x) = -13*x**3 - 4*x**2 - 3*x - 2. What are the prime factors of r(-2)?
2, 23
Suppose 0 = 2*i - 4*i + 92. List the prime factors of i.
2, 23
Let d be -11 - (0 - -4 - 3). What are the prime factors of (-474)/(-10) + d/30?
47
Let p be (1 - -1)*(-1 + 4). Let u be 2/(-6) - (-44)/p. Suppose 4*c - 33 = u. What are the prime factors of c?
2, 5
Let f = 8 - 5. Let a(s) = 0*s - f + s - 2*s. List the prime factors of a(-5).
2
Let y(o) = -2 + 5*o + 2*o + 1. What are the prime factors of y(1)?
2, 3
Let h(b) = 4*b. Let w be h(1). Suppose w + 21 = 5*x. What are the prime factors of x?
5
Let v(g) = -g**2 + 6*g + 4. Let o be v(6). Suppose -o*w = 19 - 95. Suppose w = 5*i - 16. List the prime factors of i.
7
Let k be (2/(-6))/(2/(-12)). Suppose -4*y + 27 = -2*a + 1, 0 = k*a + 6. Suppose y*m + v - 48 = 0, 0 = -2*m + 2*v + v + 9. What are the prime factors of m?
3
Suppose 5*l - 6*w + 3*w - 61 = 0, 3*l - 5*w = 43. What are the prime factors of l?
11
Let b be -2 - ((3 - 34) + 0). What are the prime factors of (b + 5)*1/2?
17
Let m = -17 - -5. Suppose 0 = -5*r - 0*r - 25, 0 = -3*v + 5*r + 16. What are the prime factors of (v - -2)/(2/m)?
2, 3
Let b = 8 + 17. List the prime factors of b.
5
Let u(t) = t. Let n(p) = -9*p. Let v(w) = -6*n(w) - 51*u(w). Let j be v(6). Suppose s + s = j. List the prime factors of s.
3
Let z(a) = 3*a**2 - 6*a - 9. What are the prime factors of z(13)?
2, 3, 5, 7
Suppose -6 = 3*m - 5*m. Suppose m*t - 6 = -c, -2*c + 6*c - 5*t + 10 = 0. Suppose c*h - 2*h = -4. What are the prime factors of h?
2
Let v be 1 + (-14 - 1) - 0. What are the prime factors of (5/10)/((-1)/v)?
7
Suppose -3*n + 2*n = -2. Suppose -n*i + 4*i - 20 = 0. List the prime factors of i.
2, 5
Suppose 20 = 4*y - 3*b, 25 = 2*y + 4*b - 7. List the prime factors of y.
2
Let h(v) = 3*v**3 + 2*v - 1. Let q be h(1). Suppose 0 = -q*u - 12 + 128. List the prime factors of u.
29
Let c(r) = 36*r**2 - 5*r + 4. What are the prime factors of c(1)?
5, 7
Let n = 13 - 8. Let j be 2/5 - 1188/(-30). Suppose -l = -3*l + n*z + 37, 5*l = 2*z + j. List the